ghest common divisor of 1096 and 728?
8
Calculate the greatest common factor of 450 and 36.
18
What is the greatest common divisor of 360 and 864?
72
What is the highest common divisor of 299 and 104?
13
Calculate the highest common divisor of 81 and 11259.
81
Calculate the highest common factor of 1768 and 544.
136
Calculate the greatest common factor of 292 and 3.
1
Calculate the greatest common divisor of 10 and 1130.
10
What is the highest common factor of 63 and 711?
9
What is the greatest common factor of 721 and 14?
7
What is the greatest common factor of 1725 and 600?
75
What is the highest common factor of 26 and 23478?
26
What is the highest common divisor of 1092 and 12?
12
What is the greatest common factor of 216 and 8?
8
What is the highest common factor of 903 and 21?
21
What is the greatest common divisor of 40 and 424?
8
Calculate the greatest common factor of 946 and 301.
43
Calculate the highest common factor of 1380 and 60.
60
What is the greatest common factor of 53 and 1537?
53
Calculate the highest common divisor of 671 and 44.
11
What is the highest common factor of 8 and 34?
2
What is the greatest common factor of 836 and 88?
44
What is the greatest common divisor of 110 and 20?
10
What is the highest common factor of 706 and 22?
2
What is the highest common factor of 115 and 69?
23
What is the greatest common divisor of 7 and 133?
7
Calculate the highest common factor of 95 and 19.
19
Calculate the greatest common divisor of 655 and 80.
5
Calculate the greatest common divisor of 199 and 19303.
199
Calculate the greatest common divisor of 3 and 2.
1
Calculate the greatest common factor of 52 and 11414.
26
What is the greatest common divisor of 2265 and 15?
15
Calculate the greatest common divisor of 707 and 49.
7
What is the greatest common divisor of 20 and 260?
20
What is the highest common factor of 117 and 63?
9
What is the greatest common factor of 12 and 172?
4
What is the greatest common divisor of 225 and 990?
45
What is the highest common factor of 1703 and 52?
13
What is the highest common factor of 64 and 5008?
16
What is the highest common factor of 83 and 747?
83
What is the highest common divisor of 18 and 2562?
6
Calculate the highest common factor of 93 and 713.
31
Calculate the highest common factor of 2664 and 40.
8
What is the highest common divisor of 55 and 935?
55
Calculate the greatest common factor of 204 and 12.
12
Calculate the greatest common factor of 27944 and 56.
56
What is the highest common factor of 2850 and 228?
114
What is the greatest common divisor of 51 and 78?
3
Calculate the highest common factor of 29291 and 34.
17
What is the greatest common divisor of 3750 and 240?
30
What is the greatest common factor of 6 and 201?
3
What is the highest common divisor of 594 and 22?
22
Calculate the highest common factor of 2592 and 1053.
81
Calculate the highest common factor of 426 and 24.
6
What is the highest common factor of 15 and 4205?
5
Calculate the greatest common divisor of 1974 and 84.
42
Calculate the highest common factor of 55 and 8635.
55
Calculate the greatest common divisor of 1024 and 6.
2
Calculate the highest common divisor of 414 and 4734.
18
What is the greatest common factor of 110 and 12386?
22
Calculate the highest common divisor of 55 and 913.
11
Calculate the greatest common factor of 14 and 4907.
7
What is the greatest common factor of 250 and 50?
50
What is the highest common divisor of 420 and 160?
20
Calculate the highest common factor of 180 and 990.
90
What is the greatest common divisor of 5610 and 132?
66
Calculate the highest common factor of 13536 and 2115.
423
What is the greatest common divisor of 36 and 2004?
12
What is the highest common divisor of 600 and 390?
30
Calculate the greatest common factor of 4584 and 42.
6
What is the highest common divisor of 22 and 34?
2
What is the greatest common factor of 28 and 1456?
28
Calculate the highest common divisor of 937 and 2.
1
What is the highest common factor of 163 and 19723?
163
What is the greatest common factor of 520 and 280?
40
What is the highest common divisor of 18285 and 92?
23
What is the greatest common factor of 10003 and 42?
7
Calculate the greatest common divisor of 51 and 952.
17
What is the highest common factor of 130 and 61?
1
What is the highest common divisor of 20989 and 139?
139
Calculate the greatest common divisor of 131 and 2489.
131
Calculate the highest common factor of 1577 and 57.
19
What is the greatest common factor of 112 and 32?
16
What is the greatest common factor of 96 and 320?
32
What is the greatest common divisor of 324 and 48?
12
What is the greatest common divisor of 35 and 385?
35
Calculate the greatest common factor of 775 and 2759.
31
What is the greatest common divisor of 42 and 24?
6
Calculate the highest common factor of 16739 and 19.
19
What is the greatest common factor of 13 and 23543?
13
What is the greatest common divisor of 391 and 289?
17
What is the greatest common factor of 1463 and 14?
7
What is the highest common divisor of 64 and 1168?
16
Calculate the highest common divisor of 14795 and 11.
11
Calculate the greatest common divisor of 1078 and 44.
22
What is the highest common divisor of 791 and 2147?
113
What is the greatest common factor of 176 and 11?
11
What is the highest common factor of 20 and 18610?
10
What is the greatest common divisor of 210 and 390?
30
What is the highest common divisor of 594 and 36?
18
Calculate the highest common divisor of 519 and 865.
173
Calculate the highest common factor of 6707 and 19.
19
Calculate the highest common factor of 2136 and 2492.
356
What is the greatest common factor of 78 and 130?
26
What is the highest common factor of 2 and 230?
2
What is the greatest common factor of 9 and 123?
3
What is the highest common divisor of 200 and 168?
8
What is the greatest common factor of 1378 and 1272?
106
Calculate the highest common divisor of 10 and 130.
10
What is the highest common divisor of 7750 and 75?
25
What is the highest common factor of 129 and 7396?
43
What is the highest common divisor of 161 and 299?
23
What is the greatest common factor of 945 and 252?
63
Calculate the greatest common factor of 16 and 4912.
16
What is the highest common divisor of 12 and 1164?
12
Calculate the highest common divisor of 297 and 81.
27
What is the greatest common divisor of 74 and 185?
37
Calculate the greatest common divisor of 1943 and 67.
67
Calculate the highest common divisor of 140 and 9380.
140
What is the greatest common divisor of 1700 and 150?
50
What is the greatest common divisor of 8 and 2?
2
Calculate the highest common divisor of 30 and 615.
15
What is the highest common factor of 109 and 74447?
109
Calculate the highest common divisor of 47895 and 93.
93
Calculate the greatest common divisor of 15290 and 550.
110
Calculate the highest common divisor of 1788 and 204.
12
What is the greatest common divisor of 17300 and 50?
50
What is the highest common divisor of 1960 and 56?
56
What is the highest common divisor of 240 and 260?
20
What is the greatest common factor of 496 and 31?
31
What is the greatest common divisor of 9 and 261?
9
Calculate the highest common factor of 60 and 510.
30
Calculate the highest common factor of 882 and 234.
18
Calculate the highest common factor of 2560 and 1760.
160
Calculate the greatest common factor of 437 and 1216.
19
What is the greatest common divisor of 25 and 81?
1
Calculate the highest common divisor of 28 and 18494.
14
Calculate the greatest common factor of 278 and 98.
2
Calculate the greatest common factor of 1376 and 64.
32
Calculate the highest common divisor of 6880 and 200.
40
Calculate the highest common divisor of 36499 and 323.
323
What is the greatest common divisor of 220 and 176?
44
What is the greatest common factor of 37 and 333?
37
What is the highest common factor of 260 and 702?
26
What is the highest common factor of 5 and 5095?
5
What is the highest common divisor of 161 and 253?
23
Calculate the highest common divisor of 3569 and 415.
83
Calculate the greatest common factor of 114 and 190.
38
What is the highest common factor of 120 and 13470?
30
What is the highest common factor of 84 and 196?
28
Calculate the highest common facto